site number?
False
Let j(v) = 192*v**3 + 8*v**2 - 38*v + 161. Is j(13) prime?
False
Is (-5)/50*-25*77386/5 a prime number?
True
Is 113046 + 294 + 1*-13 composite?
False
Is (3 - -2)/(10/1247954*13/26) a prime number?
False
Let c be (-1266)/((176/(-24))/(-11)). Is c/(-6)*(-180)/(-54) composite?
True
Let r(h) = -h**2 + 12*h + 196901. Is r(0) a composite number?
False
Let z(l) = 2798*l**2 - 10*l + 305. Is z(7) prime?
False
Let i = -6 - -516. Let n be 4*2/(8/(-2)) + 6. Suppose 0 = -n*q + 4*y - 29 + 1037, 0 = -2*q - 4*y + i. Is q composite?
True
Let t = -51362 + 204469. Is t prime?
True
Let s be -142*-1*(72 - 2/2). Suppose 5*c + 4*i - 25205 = 0, -2*i = 2*c - 6*i - s. Is c a prime number?
False
Let c = -2293 + 3294. Suppose z + 0 = 2*k - 3, -3*k = -4*z + 3. Suppose c = z*s - 6670. Is s a composite number?
False
Let i(a) = -4301*a**3 + 2*a**2 - 2*a + 2. Let y be i(-3). Suppose 6*r = -407 + y. Is r a prime number?
False
Suppose -27*n + 278207 = -57592. Is n composite?
False
Let n(f) = 351*f - 79. Let v be ((-6)/(-4))/((-21)/(-28)). Is n(v) composite?
True
Let t(q) = -10*q**3 + 24*q**2 + 24*q - 113. Is t(-25) a prime number?
True
Let o = -71 - -230. Suppose 4*c = -3*h - h - 600, -c = -2*h + o. Is (0 + -4)*1 - c a composite number?
False
Suppose -34 + 10 = -2*j. Suppose -c = -2*f - j, c = 2*f + f + 13. Suppose 0 = -c*a + 4*a + 1518. Is a composite?
True
Let w(i) = 4*i + 14. Let m be w(-3). Suppose 3*o = m*k - 4 - 19, k = 4*o + 24. Suppose 299 + 848 = 3*p - 4*l, 5*p - 1965 = -k*l. Is p composite?
False
Suppose -5*s = -4*r - 1767227, 1006*s - 5*r = 1010*s - 1413757. Is s a prime number?
True
Let y = 821614 - 452793. Is y a composite number?
True
Suppose 2*y = -11*y + 206574 + 85523. Is y prime?
True
Let m(p) = -14*p**2 + 19. Let v be m(-6). Let u = 3248 + v. Is ((-3)/(27/6))/((-6)/u) composite?
False
Suppose -20*z - 369970 = -30*z. Is z a composite number?
False
Suppose -c + 70*v = 66*v - 633305, -5*v + 633323 = c. Is c prime?
False
Let l = 4710 - -16723. Is l composite?
False
Suppose 306086 = 3*q - i, -5*i - 237 = -242. Is q a composite number?
True
Suppose -3*t = 2*n - 15, -t + 9 = -n + 3*n. Suppose 4*l - t = 61. Suppose l*w = 20*w - 1004. Is w prime?
True
Is (-1)/(12/(-80996)*(-4)/(-12)) a composite number?
False
Let g(l) = 203*l + 50. Let p be 0/((3 - 6)/(-1)) + -1. Let o be (p + -2)/((-27)/171). Is g(o) prime?
True
Let i(l) = -l**2 - 25*l - 28. Let z be i(-24). Let b(w) = 163*w**2 + 20*w + 33. Let o(g) = -54*g**2 - 7*g - 11. Let k(s) = 3*b(s) + 8*o(s). Is k(z) prime?
True
Let p(m) = m**2 + 38*m + 245. Let j be p(-8). Suppose a + 20585 = j*t, -2*t + 8234 = -0*t + 4*a. Is t a composite number?
True
Let w(l) = 166*l**2 + 49*l - 494. Is w(27) a composite number?
False
Suppose -27*h = 3*h - 5834973 + 182463. Is h a composite number?
False
Suppose -4*q - 2180 = 3*b, 4*b = -3*q + b - 1632. Let f = q - -1771. Is f a composite number?
False
Suppose -3*g - 5*f + 2056174 = 251204, -1 = -f. Is g a prime number?
False
Let y(k) = -116*k**3 - 4*k**2 - k - 16. Let g be y(-5). Suppose g = -10*d + 91499. Is d composite?
True
Let f = 7 - 29. Is ((f/2)/(11/(-4741)))/1 a composite number?
True
Let v(a) = -45*a + 29. Let b be v(-12). Suppose -7*n = -6*n - b. Suppose n = 5*m + 3*x, 4*m - 2*x = -6*x + 452. Is m a composite number?
True
Let d(h) = 1227*h**2 + 95*h + 109. Is d(27) a composite number?
False
Let h(q) = 3*q**2 + 17*q - 59. Let u be h(13). Let f = -334 + u. Is f a composite number?
True
Suppose 1985 = 4*t - 1743. Let s = 1841 + t. Is s a composite number?
True
Let l be (-2)/(-9) - 1647/(-243). Let o(y) = 324*y - 121. Is o(l) a composite number?
True
Suppose 5*f - 3713 = 11427. Let d = 6789 - f. Is d a prime number?
True
Let b(j) = 44*j**2 - 22*j + 13. Is b(-23) composite?
True
Is (15183444/(-6))/(((-8)/(-10))/(46/(-115))) a prime number?
False
Let h(b) be the third derivative of 2/3*b**3 + 0*b + 71/24*b**4 + 0 - b**2. Is h(3) prime?
False
Let j be (6/(-14))/((-47)/329). Let f(t) = 1313*t + 50. Is f(j) a composite number?
False
Let o(c) = -201*c + 116. Let k be o(-7). Let m = k + 1570. Is m composite?
True
Let y(n) = -240*n + 2687. Let t be y(-9). Let q(a) = -215*a**2 + 5*a + 6. Let k be q(-4). Let j = t + k. Is j prime?
False
Let b(i) = -3*i - 81. Suppose 34*p = 31*p - 24. Let s be b(p). Let o = s + 112. Is o prime?
False
Let a be 48/20 + 2/(-5). Suppose a*g + g - 5*s - 1 = 0, 0 = -3*g - 4*s + 10. Suppose -3*o - 1886 = -5*x - 0*o, g*o - 1522 = -4*x. Is x a prime number?
True
Let w = -133372 + 208266. Is w prime?
False
Suppose -4*p - 5*p + 75504 = -159765. Is p composite?
False
Let o = -18301 - -34714. Is o a composite number?
True
Let r(f) be the first derivative of -6 + 17*f - 1/2*f**2 + 14/3*f**3 + 1/4*f**4. Is r(-8) composite?
False
Is (112836/16)/((-13)/((-520)/15)) a composite number?
True
Let l be -7 + (-8454)/(-10) - 6/(-10). Suppose -3*u = -4*u + l. Is u composite?
False
Suppose 4*u + 0*u = -476. Suppose 5*q + 3*j = 9859, -13*q + 18*q = 2*j + 9894. Let s = q - u. Is s prime?
False
Suppose 3*j + 0*j - 181067 = -14*j. Is j prime?
True
Let d be 8/(-28) - 32/(-14) - -9. Let k(s) = 171*s + d + 8 - 14*s - 24. Is k(24) prime?
False
Is 47011160/1848 + 2/33 prime?
True
Let o = 13077 + -7942. Suppose -g - 12818 = 13*p - 18*p, -2*p + 3*g = -o. Is p a prime number?
False
Suppose 190*h + 5715444 = 202*h. Is h composite?
True
Is 2/((-16)/(-7787874))*4536/3402 a composite number?
False
Let j = 7 - 31. Let v(o) = -15 - 16*o - 18*o - o**2 - 34. Is v(j) composite?
False
Let p(s) = 4*s**2 - 34*s - 13. Let j be p(-21). Suppose 2*k - 980 = -d, -2*k = 3*k - 5*d - j. Is k composite?
False
Is 12215 + 0 - (3 - (-3 - -2)) prime?
True
Let c(y) = 197*y + 53. Let b be c(34). Suppose 0 = 2*j - 3*k + 324 - 3030, 5*j - 4*k = b. Is j composite?
True
Suppose -4573 = -3*c - s - 3*s, 5*c - 7591 = s. Suppose 5*v - v - 476 = 4*y, 2*v = 5*y + 598. Let i = c + y. Is i a prime number?
True
Is -7*(-3)/(-6)*(6 - (-4857616)/(-28)) composite?
False
Suppose 2*z + w = -0*z - 42513, -3*z - 63767 = 4*w. Let o = z - -30666. Is o composite?
True
Let d(m) = 13*m**2 - 5*m - 17. Let x be d(-3). Suppose 4*c + x = -933. Let o = c + 513. Is o prime?
True
Suppose 4*i = 5*k - 394749, 58*k - 59*k + 78965 = 3*i. Is k prime?
False
Is (773454/(-5))/(-3) - 84/140 prime?
True
Let u = 86880 - 32051. Is u prime?
True
Let n(y) be the first derivative of 70*y**3/3 + 4*y**2 - 17*y + 44. Let r be 63/(-12) - (4 - (-85)/(-20)). Is n(r) a prime number?
True
Let p(l) = 449*l**2 + 4*l**2 - 7*l - 261*l**2 + 21. Let w be p(6). Suppose r = j + 1381, -r + 2*j = -6*r + w. Is r prime?
False
Let o = -40 - -43. Suppose -1489 - 9 = -d + 2*x, -5*d = -o*x - 7455. Is d/(4 + -1) + 3 a prime number?
True
Let z = -259159 - -504990. Is z prime?
False
Let y be ((-120)/70)/(-6) - (-208)/7. Suppose -62883 = y*c - 1060593. Is c prime?
False
Suppose 3*l - r - 389183 = 0, 2*l = -6*r + r + 259444. Suppose -8*u + l = 5*u. Is u prime?
False
Suppose 0 = 6*a + 117 - 21. Is (-13)/((-26)/a) + 10981 a composite number?
False
Let f(w) = 1260*w + 167. Suppose 5*q + 9*s - 96 = 6*s, -s = -4*q + 87. Is f(q) composite?
False
Let v be -3 - 56/(-20) - 404/(-20). Suppose v*i + 5981 = 21*i. Is i a prime number?
True
Let q(t) = 1633*t - 1306. Is q(35) prime?
True
Suppose 13*d - 585 = 4*d. Suppose d*p - 63*p - 10262 = 0. Is p prime?
False
Suppose -k + 5*k = -20, m + k = 310. Suppose m = -x + 8*x. Suppose -s - 11 = -x. Is s a prime number?
False
Let t(f) = 31825*f + 3542. Is t(9) composite?
False
Let j be 2/(-3) + (-762)/18 + -4. Let m = -44 - j. Suppose 0 = 3*i + 3*a - 375 - 201, 0 = 3*a - m. Is i a prime number?
True
Let c be (-988702)/156 + (-15)/(-18). Let j = c - -8919. Is j prime?
False
Let q(w) = -5*w. Let r be q(2). Let m be 6 - 6 - (-3)/((-6)/r). Suppose -m*n = -12335 + 3870. Is n a prime number?
True
Let z(r) = -2*r + 62. Let n be z(22). Suppose 68230 = n*m + 24076. Is m a prime number?
False
Let h be ((0 - -5) + -2 - 1)/2. Let a be (-4)/h - -5 - 3*-1. Suppose 3*m - a*m = -251. Is m a composite number?
False
Suppose -842702 = -5*v + 3*g, -5*v - 248*g + 842704 = -249*g. Is v a composite number?
False
Is 136/170 + (-390006)/(-30) a prime number?
True
Suppose 2*x - 109 = 75. Let l(j) = 0*j - 29 + x*j - 46*j. Is l(6) composite?
True
Let n = -76558 - -169509. Is 